hat is 149 + 3?
152
In base 3, what is 1000 + -2000?
-1000
In base 7, what is -22 + 6?
-13
In base 11, what is 23 + -227?
-204
In base 6, what is -135 - 11?
-150
In base 12, what is -4 + -5454?
-5458
In base 16, what is 56 + 34?
8a
In base 16, what is 1 - -264?
265
In base 11, what is -34 - 118?
-151
In base 15, what is 4 - 485?
-481
In base 16, what is -b3c - -2?
-b3a
In base 16, what is -1e4 - 4?
-1e8
In base 2, what is 1011 + 110000100?
110001111
In base 2, what is -100001001 + -10?
-100001011
In base 5, what is 4 + -111?
-102
In base 13, what is -3a1b + -5?
-3a23
In base 12, what is 56 + -4?
52
In base 8, what is -7 - -51?
42
In base 10, what is 43 + 136?
179
In base 7, what is 66 + -6?
60
In base 12, what is 23742 + -3?
2373b
In base 3, what is 22022 + -2?
22020
In base 8, what is -2740 + 16?
-2722
In base 2, what is 10000 + 111?
10111
In base 4, what is 2313 - -10?
2323
In base 13, what is -4 + -38?
-3c
In base 11, what is 0 - -111?
111
In base 13, what is 18 + -4?
14
In base 11, what is 74 + -4a?
25
In base 10, what is 4 - 955?
-951
In base 12, what is 0 - 200?
-200
In base 11, what is 7 + 695?
6a1
In base 12, what is -1745 + 3?
-1742
In base 2, what is -111111 + -11010?
-1011001
In base 16, what is -25 + 0?
-25
In base 5, what is 10 + -2033?
-2023
In base 12, what is -1 + -19a?
-19b
In base 9, what is 10 + -213?
-203
In base 16, what is -2 + 120?
11e
In base 13, what is 3 - -296?
299
In base 12, what is -3 - -b4?
b1
In base 4, what is -2303 - 2?
-2311
In base 7, what is 3 + -363?
-360
In base 9, what is 0 + -1578?
-1578
In base 8, what is 1 - -1031?
1032
In base 8, what is -6122 - 5?
-6127
In base 2, what is 1111 - -110?
10101
In base 4, what is -111 - 1331?
-2102
In base 7, what is -3660 + 3?
-3654
In base 8, what is 30 + -6?
22
In base 4, what is 12032 - 33?
11333
In base 9, what is -1343 + 1?
-1342
In base 7, what is 35 + 4?
42
In base 16, what is 5f + -2?
5d
In base 8, what is -122 + -1?
-123
In base 13, what is -b1 + 8?
-a6
In base 7, what is -110 + 2?
-105
In base 10, what is 46 - -15?
61
In base 8, what is -4 - -411?
405
In base 9, what is 215 - -5?
221
In base 13, what is -2b9 - -6?
-2b3
In base 14, what is 30 - -1?
31
In base 16, what is 7c - -47?
c3
In base 9, what is 728 + -21?
707
In base 4, what is 2 + 212?
220
In base 11, what is a7 + -8?
9a
In base 9, what is -5 + 1632?
1626
In base 2, what is -10 + 101000?
100110
In base 6, what is -1 + 1022?
1021
In base 4, what is -3 - 31131?
-31200
In base 10, what is -2009 - -1?
-2008
In base 9, what is 1625 + -2?
1623
In base 3, what is -2212120 - 2?
-2212122
In base 7, what is 203 + 3?
206
In base 12, what is -18 - 2a9?
-305
In base 15, what is -a8 - -2?
-a6
In base 3, what is -1 - -200?
122
In base 12, what is -453 - 15?
-468
In base 2, what is 10001000001 + 10?
10001000011
In base 4, what is 2203 + -11?
2132
In base 15, what is 3673 - -2?
3675
In base 12, what is 49ba - 3?
49b7
In base 5, what is 1 + 42?
43
In base 15, what is 45 + -3?
42
In base 7, what is 20 + 1215?
1235
In base 9, what is 634 + 5?
640
In base 8, what is -2 + 352?
350
In base 7, what is 1 - 145?
-144
In base 5, what is -2 + -433?
-440
In base 2, what is 11010010 - -10100?
11100110
In base 6, what is -242 + -105?
-351
In base 9, what is 75 - -3?
78
In base 3, what is -100222112 + -10?
-100222122
In base 5, what is 110423 - 3?
110420
In base 13, what is 5 - -8c3?
8c8
In base 8, what is -72 + 21?
-51
In base 7, what is 462411 - 4?
462404
In base 11, what is -57 - -a?
-48
In base 13, what is -4 - 3a?
-41
In base 9, what is -3 - 242?
-245
In base 9, what is -6630 + -3?
-6633
In base 15, what is 447 - -1?
448
In base 6, what is 0 + -210?
-210
In base 4, what is -11333 - 1?
-12000
In base 8, what is 1377 - 2?
1375
In base 11, what is -1037 - 4?
-1040
In base 6, what is 21 + -2103?
-2042
In base 3, what is 11 - 21122010?
-21121222
In base 16, what is d05 - -4?
d09
In base 14, what is d + 3?
12
In base 7, what is 5 - -33?
41
In base 16, what is 4 + 4a?
4e
In base 12, what is -1 - 36?
-37
In base 8, what is -2115 - -5?
-2110
In base 7, what is 0 + 231?
231
In base 6, what is -1312 - 10?
-1322
In base 10, what is 4 + -4?
0
In base 7, what is 0 - 3166?
-3166
In base 10, what is 5 + -927?
-922
In base 4, what is 3 + 300?
303
In base 5, what is -32323 + 0?
-32323
In base 12, what is 2075 + 3?
2078
In base 3, what is -1020 + -212?
-2002
In base 3, what is 0 - -110001121?
110001121
In base 8, what is -104 + 4?
-100
In base 15, what is 26 + 0?
26
In base 5, what is 102 + 223?
330
In base 9, what is -16 - -15?
-1
In base 8, what is 3 - -513?
516
In base 2, what is 10 + 1000?
1010
In base 15, what is a + 15?
20
In base 15, what is -2 + -64?
-66
In base 3, what is -2110020 - 21?
-2110111
In base 7, what is -122 - 101?
-223
In base 15, what is -40 - -1?
-3e
In base 16, what is 27 + -198?
-171
In base 9, what is 1117 + 6?
1124
In base 13, what is 5 + 69?
71
In base 10, what is 6329 + 0?
6329
In base 11, what is 39 + 63?
a1
In base 2, what is 11 + -1000010001?
-1000001110
In base 10, what is 34 - 1?
33
In base 15, what is 18b6 - 1?
18b5
In base 8, what is -23 - -126?
103
In base 11, what is -13935 + -2?
-13937
In base 9, what is -122 - -3?
-118
In base 3, what is -2 - 1211?
-1220
In base 2, what is 10100110 - -101?
10101011
In base 14, what is 153 - -a?
15d
In base 5, what is -2 + 213?
211
In base 4, what is -2 + 130300?
130232
In base 11, what is 5 + 755?
75a
In base 5, what is 4 + -12244?
-12240
In base 9, what is 4 - 263?
-258
In base 10, what is 3618 - 3?
3615
In base 12, what is 21 + -3a?
-19
In base 3, what is 112 + -1012?
-200
In base 14, what is -4 - 23?
-27
In base 4, what is 1 - 110222?
-110221
In base 3, what is 10 - 102001?
-101221
In base 2, what is -11 - 100110011?
-100110110
In base 11, what is 1427 - 6?
1421
In base 7, what is 4 - -3300?
3304
In base 12, what is 2 - 42?
-40
In base 11, what is -346 + 4?
-342
In base 4, what is -10 - -2100?
2030
In base 6, what is 5 - 1033?
-1024
In base 4, what is -3110 - 2?
-3112
In base 3, what is -201 - -12?
-112
In base 7, what is 252 + 3?
255
In base 16, what is -c4 + 6?
-be
In base 7, what is 0 - -262?
262
In base 15, what is 11b1 + 3?
11b4
In base 12, what is 4a - 5b?
-11
In base 5, what is 433 + 110?
1043
In base 2, what is -100 + -1101000000?
-1101000100
In base 3, what is 12 + -111001?
-110212
In base 6, what is 3 + 11552?
11555
In base 11, what is 727 + -2?
725
In base 7, what is 11 - -210?
221
In base 11, what is 867 - 4?
863
In base 10, what is 5 - -669?
674
In base 10, what is 255 + -25?
230
In base 12, what is -98a + -4?
-992
In base 4, what is -2 - -13012?
13010
In base 14, what is -b8 - 16?
-d0
In base 2, what is -110 - -1011111?
1011001
In base 4, what is -2130032 + 11?
-2130021
In base 4, what is -1 + -30123?
-30130
In base 15, what is -2 + -7d?
-80
In base 15, what is -3 - -6b?
68
In base 16, what is -20 + -16?
-36
In base 16, what is -4 - -1d?
19
In base 13, what is -18 - 4?
-1c
In base 13, what is 47 + -4b?
-4
In base 10, what is 97 + 5?
102
In base 12, what is 1 - 153?
-152
In base 5, what is -130232 + -1?
-130233
In base 2, what is 111001 - 10010?
100111
In base 9, what is -5 - 286?
-302
In base 8, what is 5 - 505?
-500
In base 2, what is 1011 - -10110?
100001
In base 13, what is a61 - -2?
a63
In base 3, what is -11 + 100112?
100101
In base 13, what is -138 + 2?
-136
In base 12, what is -1 - -168?
167
In base 16, what is 1 + -19?
-18
In base 15, what is 3 + -2d0?
-2cc
In base 15, what is -2 - -1a?
18
In base 11, what is 372 + -5?
368
In base 2, what is -1000 + -10?
-1010
In base 13, what is 29 - -56?
82
In base 15, what is 8c96 - -3?
8c99
In base 8, what is 5 + 450?
455
In base 8, what is 0 - -527?
527
In base 6, what is 35 + 0?
35
In base 16, what is 3 - -17?
1a
In base 2, what is 1100101001 - -10?
1100101011
In base 8, what is -126 + -12?
-140
In base 8, what is -221 + 6?
-213
In base 15, what is 4 + d0?
d4
In base 15, what is -d - -26?
18
In base 6, what is -3 - 443?
-450
In base 3, what is -10000121 + -10?
-10000201
In base 2, what is -11 + 100111000?
100110101
In base 3, what is -102 - -112?
10
In base 13, what is -11 - 31?
-42
In base 5, what is -222044 - 0?
-222044
In base 15, what is 1 + -248?
-247
In base 9, what is -8 - 4?
-13
In base 5, what is